 = 17. What is the units digit of p?
8
Suppose -5*t + 0*t - 48 = -3*g, t = 4*g - 64. Let o = g - -13. Suppose 16 = 3*u + 4*f, -4*f + 3*f = -2*u + o. What is the tens digit of u?
1
Let d(h) = 5*h**2 + 15*h - 93. What is the hundreds digit of d(7)?
2
Let n(r) be the second derivative of -r**3/6 + 2*r. Let u be n(-5). Suppose 0 = 3*x - 4*b - 2, 0 = x - u*b + 15 - 1. What is the units digit of x?
6
Suppose 2*b = -2*b + 1248. What is the hundreds digit of b?
3
Let w = 120 + -49. What is the tens digit of w?
7
Let o(d) = -d**3 - 4*d**2 - d + 3. What is the units digit of o(-5)?
3
Suppose 31*r = 34*r - 156. What is the tens digit of r?
5
Let a(f) = -2*f - 2. Let r be a(2). Let o = 0 - r. What is the units digit of o?
6
Let y be (-1)/(-2 + 2 + -1). Suppose y = r - 0. What is the units digit of r?
1
Suppose 0 = -5*i - 2 - 3. Let o be 3*1*(i + 2). Suppose -o*l - l = -32. What is the units digit of l?
8
Suppose 0 = -2*d - 3*o + 34, -2*d + 72 = 3*d + o. What is the tens digit of d?
1
Suppose 5*z - 4*z - 10 = 0. Suppose 4*u + u - z = 0. Suppose 3*b = -u*b + 65. What is the tens digit of b?
1
What is the units digit of 67/2 + (-6)/(-12)?
4
Let t = 6 + -3. Let x(s) = 5*s**t - s + 1 - 3*s**3 - s**2 + 0*s. What is the units digit of x(1)?
1
What is the units digit of 10/(-35) - (-380)/7?
4
Suppose -503 = -5*o - 103. Suppose 5*i - o = -5. What is the tens digit of i?
1
Suppose 0 = 9*k - 4*k - 200. What is the tens digit of k?
4
Let z = 10 - 1. What is the units digit of 96/z + (-2)/3?
0
Let q = 5 - 1. Suppose j = -2*b - 0*b + 49, -q*j + 12 = 0. What is the tens digit of b?
2
Suppose 0 = 2*q - 4 - 4. Suppose q*f = f + 21. What is the units digit of f?
7
Let l(r) = -r**3 - 7*r**2 - 13*r + 1. Let v be l(-9). What is the units digit of (-2)/3 - v/(-15)?
8
What is the tens digit of 10/6 + -2 + 4329/27?
6
Suppose 5*v + 28 = 8. Let y = v + 9. Suppose 0 = -y*f - 5 + 25, 4*n + 4 = 3*f. What is the units digit of n?
2
Suppose 26 = 2*k + 12. What is the units digit of k?
7
Suppose -2*q + 3*a + 14 = 5*a, 0 = -q + 5*a - 5. What is the units digit of q?
5
Let o be (-114)/7 + (-2)/(-7). Let b = 29 + o. What is the tens digit of b?
1
Let w = 19 + -7. Let a = 0 + 2. Suppose 4*p + 3*s - a*s = 18, 2*p + 2*s = w. What is the units digit of p?
4
Suppose u = 5*n + 5*u - 218, 5*u = -2*n + 77. What is the tens digit of n?
4
Let k(o) = -o**2 + 3*o + 2. Let m be ((-4)/10)/(1/(-5)). Let u be k(m). Suppose -3*l = -2*q + 23, -u*q + 0*q + 19 = 3*l. What is the units digit of q?
7
Suppose -17 - 1 = -d + v, -5*d + v = -94. What is the tens digit of d?
1
Suppose -81 = -b + 11. What is the units digit of b?
2
Suppose 6*u = 2*u - 4. What is the units digit of (u + 0 - -1) + 9?
9
Let q(s) = -12*s - 1. Let w be 2/(0 + 6/3). Let v be q(w). Let z = v - -19. What is the units digit of z?
6
Suppose -r + 3*k = -8, 2*r = -r + 3*k + 54. What is the tens digit of r?
2
Let l(t) = -2*t - 6. Let h be l(-4). Suppose 0 = -4*z + 2*c + 6, -4*z - z - h*c = -30. What is the units digit of z?
4
Let w(d) = 2*d**2 - d - 2. Suppose 5*q = 3*q - 5*h, -4*h = 3*q - 7. Suppose 0 = -3*j + 3, -v + j = -4*v - q. What is the units digit of w(v)?
8
Let n = -2 - -35. Suppose -5*h + 198 = n. What is the units digit of h?
3
Let z = 678 + -340. What is the units digit of z?
8
Suppose -4*h + 5 = -19. What is the units digit of h?
6
Suppose 0 = -f + 4*f - 6. Suppose -4*g - y = -4, -g = g - y - f. Suppose -g = 4*l - 37. What is the units digit of l?
9
Suppose 2*y - 3*u - 118 = 0, -2*u = -5*u - 6. Suppose -4*n + 4 = -v - y, -5*n - 3*v = -75. Suppose j - 6 = -3*p - j, 0 = -5*j - n. What is the units digit of p?
4
Suppose 0 = 3*i - 4*p - 8, i + 0*p - 3*p = 1. Suppose -4*h = -i*d - 8, -4*h + 5*d = -12 + 2. Let b(m) = -m + 10. What is the tens digit of b(h)?
1
Let y(m) = 7*m**2 + 9*m - 2. What is the hundreds digit of y(4)?
1
Let f(l) = -l + 2. Suppose 5*u = -3*o + 5 + 16, 8 = 4*o. Let x be f(u). What is the units digit of x/(-2) + 30/4?
8
Suppose -5*g + 6*g - 24 = 0. What is the tens digit of g?
2
What is the tens digit of -102*((-28)/12 - -2)?
3
Suppose 2*a = -0*a + 26. Let l = a + -4. What is the units digit of l?
9
Let z be 0 + (0 - 0/2). Suppose z = 2*f + 10, 4*m - f - 21 - 32 = 0. What is the tens digit of m?
1
Suppose 4 = 3*z - 4*z. What is the units digit of 1 - -3*z/(-6)?
3
Suppose -6*a = -a - 105. Let y be -1 + 3 - (3 + -5). Suppose a + 15 = y*i. What is the units digit of i?
9
Let n(b) be the first derivative of -b**2/2 + 8*b + 4. Let d be n(5). Suppose z - 3*u + 9 - d = 0, 0 = z - 5*u + 12. What is the units digit of z?
3
Let j be 40/(-12)*12/(-10). What is the tens digit of (2/j)/((-4)/(-112))?
1
Let l be 96/6 - (1 - 0). Suppose 4*o + o = l. Suppose -4*k - 14 = -o*y + k, -2*y + 5*k + 6 = 0. What is the units digit of y?
8
Suppose 1 - 4 = -m. Suppose -2*x + m*c + 42 = 12, x - 2*c = 13. What is the tens digit of x?
2
Suppose 54 = -l + 3*l. Let i = 15 - l. What is the units digit of i/15*5/(-2)?
2
Suppose 0 = l - 11 - 9. Suppose 4*j - 2*s + 6*s = -l, -2*s - 18 = 4*j. What is the units digit of 1/j - 366/(-24)?
5
Let m be (1 - 6) + (4 - 3). Let j = 8 + m. Suppose j*l = -3*k + 11 + 5, -7 = l - 2*k. What is the units digit of l?
1
Let z be 1/(-5) + 63/15. Let m(h) = -3*h + z*h - 2*h. What is the units digit of m(-6)?
6
Let m = -29 + 10. Suppose 0*q - 4*q - 5*x = 34, 4*q + 52 = 4*x. Let l = q - m. What is the units digit of l?
8
Let f(c) = 5*c**2 - c. Let j(m) = -m**2 - 3*m + 4. Let o be j(-3). Let z be (-1)/(-2)*8/o. What is the units digit of f(z)?
4
Let i = 7 + 1. What is the tens digit of 6/i - (-37)/4?
1
What is the tens digit of (-6)/27 - 4487/(-63)?
7
Suppose -2*f = 3*f + 10. Let b = f - -5. What is the units digit of b?
3
Suppose 192 = 5*o - 28. What is the units digit of o?
4
Suppose -3*p + 11 = 47. Let n be (4 + 1)*p/(-15). Suppose -3*s = -5*s - f + 30, -n*f = -8. What is the units digit of s?
4
Let g(k) = -k**2 - 34*k - 15. What is the tens digit of g(-26)?
9
Let w(k) = -2*k - 2. Let z be w(-3). Let h(j) = j**3 - 5*j**2 + 3*j + 4. Let s be h(z). Let f = s - -4. What is the units digit of f?
4
Suppose 2*r - 2*s = 200, -4 + 1 = s. What is the tens digit of r?
9
Suppose -4*h - 2 = 2*j, h = -0*h - 2. Suppose c - 2 = j. Suppose -2*w = -c*a - 6, -3*w + 6 + 3 = -3*a. What is the units digit of w?
3
Suppose -3*z + 7*z = 96. What is the tens digit of z?
2
Suppose 18 = -4*w - 18. Let h be (5/(-2))/(2/(-12)). Let d = w + h. What is the units digit of d?
6
Suppose 0 = 4*q - 3*y + 34, 2*q + 0*y = -y - 12. Let o = 16 + q. What is the units digit of o?
9
Let q = -2 - -5. Let x = q + -3. Suppose l + 3 - 7 = x. What is the units digit of l?
4
Let v(q) be the third derivative of q**5/60 + 5*q**4/24 - 4*q**3/3 - 9*q**2. What is the tens digit of v(5)?
4
What is the units digit of (-1 + (-6)/2)*-1?
4
What is the units digit of (-4)/16*(-424)/2?
3
Let n = 131 - 100. What is the tens digit of n?
3
Suppose -2*l - 5 = -o + 2*l, o - 5*l = 0. What is the units digit of o?
5
Let b(d) = d - 1. Let f = -31 + 44. What is the tens digit of b(f)?
1
Suppose 9 = -2*b + 35. Suppose 3*r = -2*o + 53, 2*o + 9 = 2*r - b. What is the units digit of r?
5
Suppose -83 + 45 = -k. What is the tens digit of k?
3
Suppose 0 = -5*h + 88 + 17. Suppose -h = -2*q - q. What is the units digit of q?
7
Suppose 4*g - 5*g = -5. Let k(n) = -n**3 + 5*n**2 + 6*n - 1. Let z be k(6). What is the units digit of g + (z - -1)*-1?
5
Let j be 1/4 - (-143)/52. Suppose -2*o + 3*i + 38 = j*o, 23 = 3*o - 2*i. What is the units digit of o?
7
Let w(p) = -p**3 - 4*p**2 - p - 1. Suppose -4*o - 1 - 15 = 0. Let j be w(o). What is the units digit of (-6)/(-4)*4/j?
2
Suppose -48 = m - 5*l - 253, -3*m + 671 = -l. What is the tens digit of m?
2
Suppose 0*u + 2*m = -4*u + 10, -m - 20 = -3*u. What is the units digit of u?
5
Let z = 17 + -16. What is the tens digit of -4*(z - 4 - 1)?
1
Suppose c - 3*c = -8. Suppose -2*w - 18 = c*z, -z - 1 = -0. Let x = -2 - w. What is the units digit of x?
5
Let s(o) = -o**3 + 2*o**2 + 2*o - 1. Let f be s(3). Let n be (-116)/(-6) + f/12. Suppose 3*z - 46 = -n. What is the units digit of z?
9
Let y(s) = -s**3 + 6*s**2 - 7*s + 5. Suppose 2*v + 4*c = 16, 2*v + c - 18 = -4*c. What is the units digit of y(v)?
9
Let m(b) = -21*b - 1. Suppose -3*d + 6*d - 3 = 0. Let x be m(